{"id":20342,"date":"2026-09-01T16:19:46","date_gmt":"2026-09-01T14:19:46","guid":{"rendered":"https:\/\/auditoriumpalma.com\/espectaculo\/trencanous\/"},"modified":"2026-09-01T16:22:41","modified_gmt":"2026-09-01T14:22:41","slug":"trencanous","status":"publish","type":"show","link":"https:\/\/auditoriumpalma.com\/ca\/espectacle\/trencanous\/","title":{"rendered":"TRENCANOUS"},"content":{"rendered":"\n<p class=\"wp-block-paragraph\"><strong>INTERNATIONAL BALLET COMPANY \u2013 WINTER TOUR 26\/27<\/strong><\/p>\n\n<p class=\"wp-block-paragraph\">La International Ballet Company, una prestigiosa companyia integrada per solistes d&#8217;Ucra\u00efna, Fran\u00e7a, Mold\u00e0via, Espanya, It\u00e0lia i altres pa\u00efsos, ens convida, dins la seva Gira d&#8217;Hivern 2026, a gaudir d&#8217;una de les obres m\u00e9s emblem\u00e0tiques del repertori cl\u00e0ssic del ballet: &#8220;El Trencanous&#8221;.<\/p>\n\n<p class=\"wp-block-paragraph\"><strong>EL TRENCANOUS<\/strong><\/p>\n\n<p class=\"wp-block-paragraph\">\u00c9s Nadal a ca na Clara i tots els infants reben un regal. El seu estimat padr\u00ed li obsequia un preci\u00f3s ninot Trencanous.<\/p>\n\n<p class=\"wp-block-paragraph\">Quan tota la fam\u00edlia dorm, Clara i el seu Pr\u00edncep Trencanous, despr\u00e9s de v\u00e8ncer l&#8217;ex\u00e8rcit del Rei dels Ratolins, emprendran un viatge per terres llunyanes, gaudiran de la m\u00e0gia dels flocs de neu i coneixeran dol\u00e7os de diferents pa\u00efsos que ballaran per a ells. Una nit inoblidable, plena d&#8217;aventures i personatges encantadors. O potser&#8230; nom\u00e9s \u00e9s un somni?<\/p>\n\n<p class=\"wp-block-paragraph\">Un ballet cl\u00e0ssic per a infants i adults, una obra que captivar\u00e0 el p\u00fablic per la seva bella hist\u00f2ria i la seva extraordin\u00e0ria t\u00e8cnica.<\/p>\n\n<p class=\"wp-block-paragraph\">Solistes: ANDREEA MIHAILIUC i ALEXANDRU BALAN<\/p>\n\n<div class=\"wp-block-columns is-layout-flex wp-container-core-columns-is-layout-8f761849 wp-block-columns-is-layout-flex\">\n<div class=\"wp-block-column is-layout-flow wp-block-column-is-layout-flow\" style=\"flex-basis:25%\"><\/div>\n\n\n\n<div class=\"wp-block-column is-layout-flow wp-block-column-is-layout-flow\" style=\"flex-basis:50%\">\n<figure class=\"wp-block-embed is-type-video is-provider-youtube wp-block-embed-youtube wp-embed-aspect-16-9 wp-has-aspect-ratio\"><div class=\"wp-block-embed__wrapper\">\r\n<div class=\"nv-iframe-embed\"><iframe title=\"NUTCRACKER PROMO - International Ballet Company\" width=\"1200\" height=\"675\" src=\"https:\/\/www.youtube.com\/embed\/LTStvoNmVWY?feature=oembed\" frameborder=\"0\" allow=\"accelerometer; autoplay; clipboard-write; encrypted-media; gyroscope; picture-in-picture; web-share\" referrerpolicy=\"strict-origin-when-cross-origin\" allowfullscreen><\/iframe><\/div>\r\n<\/div><\/figure><br>\n<\/div>\n\n\n\n<div class=\"wp-block-column is-layout-flow wp-block-column-is-layout-flow\" style=\"flex-basis:25%\"><\/div>\n<\/div>\n\n<p class=\"wp-block-paragraph\">Durada aproximada: 1\u00aa part 50&#8242; \u2013 Descans 20&#8242; \u2013 2\u00aa part 50&#8242;<\/p>\n\n<figure class=\"wp-block-image size-large\"><img decoding=\"async\" src=\"https:\/\/auditoriumpalma.com\/img\/logosEspectaculo\/PMR_BM_BC_DG.png\" alt=\"\"\/><\/figure>\n","protected":false},"excerpt":{"rendered":"<p>INTERNATIONAL BALLET COMPANY \u2013 WINTER TOUR 26\/27 La International Ballet Company, una prestigiosa companyia integrada per solistes d&#8217;Ucra\u00efna, Fran\u00e7a, Mold\u00e0via, Espanya, It\u00e0lia i altres pa\u00efsos, ens convida, dins la seva Gira d&#8217;Hivern 2026, a gaudir d&#8217;una de les obres m\u00e9s emblem\u00e0tiques del repertori cl\u00e0ssic del ballet: &#8220;El Trencanous&#8221;. EL TRENCANOUS \u00c9s Nadal a ca na&hellip;&nbsp;<a href=\"https:\/\/auditoriumpalma.com\/ca\/espectacle\/trencanous\/\" rel=\"bookmark\">Read More &raquo;<span class=\"screen-reader-text\">TRENCANOUS<\/span><\/a><\/p>\n","protected":false},"featured_media":20338,"template":"","meta":{"_acf_changed":false,"neve_meta_sidebar":"","neve_meta_container":"","neve_meta_enable_content_width":"","neve_meta_content_width":0,"neve_meta_title_alignment":"","neve_meta_author_avatar":"","neve_post_elements_order":"","neve_meta_disable_header":"","neve_meta_disable_footer":"","neve_meta_disable_title":"","footnotes":""},"genero":[97],"sala":[92],"company":[],"class_list":["post-20342","show","type-show","status-publish","has-post-thumbnail","hentry","genero-dansa","sala-magna-ca"],"acf":[],"_links":{"self":[{"href":"https:\/\/auditoriumpalma.com\/ca\/wp-json\/wp\/v2\/show\/20342","targetHints":{"allow":["GET"]}}],"collection":[{"href":"https:\/\/auditoriumpalma.com\/ca\/wp-json\/wp\/v2\/show"}],"about":[{"href":"https:\/\/auditoriumpalma.com\/ca\/wp-json\/wp\/v2\/types\/show"}],"version-history":[{"count":1,"href":"https:\/\/auditoriumpalma.com\/ca\/wp-json\/wp\/v2\/show\/20342\/revisions"}],"predecessor-version":[{"id":20343,"href":"https:\/\/auditoriumpalma.com\/ca\/wp-json\/wp\/v2\/show\/20342\/revisions\/20343"}],"wp:featuredmedia":[{"embeddable":true,"href":"https:\/\/auditoriumpalma.com\/ca\/wp-json\/wp\/v2\/media\/20338"}],"wp:attachment":[{"href":"https:\/\/auditoriumpalma.com\/ca\/wp-json\/wp\/v2\/media?parent=20342"}],"wp:term":[{"taxonomy":"genero","embeddable":true,"href":"https:\/\/auditoriumpalma.com\/ca\/wp-json\/wp\/v2\/genero?post=20342"},{"taxonomy":"sala","embeddable":true,"href":"https:\/\/auditoriumpalma.com\/ca\/wp-json\/wp\/v2\/sala?post=20342"},{"taxonomy":"company","embeddable":true,"href":"https:\/\/auditoriumpalma.com\/ca\/wp-json\/wp\/v2\/company?post=20342"}],"curies":[{"name":"wp","href":"https:\/\/api.w.org\/{rel}","templated":true}]}}

<p class="wp-block-paragraph"><strong>INTERNATIONAL BALLET COMPANY – WINTER TOUR 26/27</strong></p>

<p class="wp-block-paragraph">La International Ballet Company, una prestigiosa companyia integrada per solistes d&#8217;Ucraïna, França, Moldàvia, Espanya, Itàlia i altres països, ens convida, dins la seva Gira d&#8217;Hivern 2026, a gaudir d&#8217;una de les obres més emblemàtiques del repertori clàssic del ballet: &#8220;El Trencanous&#8221;.</p>

<p class="wp-block-paragraph"><strong>EL TRENCANOUS</strong></p>

<p class="wp-block-paragraph">És Nadal a ca na Clara i tots els infants reben un regal. El seu estimat padrí li obsequia un preciós ninot Trencanous.</p>

<p class="wp-block-paragraph">Quan tota la família dorm, Clara i el seu Príncep Trencanous, després de vèncer l&#8217;exèrcit del Rei dels Ratolins, emprendran un viatge per terres llunyanes, gaudiran de la màgia dels flocs de neu i coneixeran dolços de diferents països que ballaran per a ells. Una nit inoblidable, plena d&#8217;aventures i personatges encantadors. O potser&#8230; només és un somni?</p>

<p class="wp-block-paragraph">Un ballet clàssic per a infants i adults, una obra que captivarà el públic per la seva bella història i la seva extraordinària tècnica.</p>

<p class="wp-block-paragraph">Solistes: ANDREEA MIHAILIUC i ALEXANDRU BALAN</p>

<div class="wp-block-columns is-layout-flex wp-container-core-columns-is-layout-8f761849 wp-block-columns-is-layout-flex">
<div class="wp-block-column is-layout-flow wp-block-column-is-layout-flow" style="flex-basis:25%"></div>



<div class="wp-block-column is-layout-flow wp-block-column-is-layout-flow" style="flex-basis:50%">
<figure class="wp-block-embed is-type-video is-provider-youtube wp-block-embed-youtube wp-embed-aspect-16-9 wp-has-aspect-ratio"><div class="wp-block-embed__wrapper">
<div class="nv-iframe-embed"><iframe title="NUTCRACKER PROMO - International Ballet Company" width="1200" height="675" src="https://www.youtube.com/embed/LTStvoNmVWY?feature=oembed" frameborder="0" allow="accelerometer; autoplay; clipboard-write; encrypted-media; gyroscope; picture-in-picture; web-share" referrerpolicy="strict-origin-when-cross-origin" allowfullscreen></iframe></div>
</div></figure><br>
</div>



<div class="wp-block-column is-layout-flow wp-block-column-is-layout-flow" style="flex-basis:25%"></div>
</div>

<p class="wp-block-paragraph">Durada aproximada: 1ª part 50&#8242; – Descans 20&#8242; – 2ª part 50&#8242;</p>

<figure class="wp-block-image size-large"><img decoding="async" src="https://auditoriumpalma.com/img/logosEspectaculo/PMR_BM_BC_DG.png" alt=""/></figure>

<p>INTERNATIONAL BALLET COMPANY – WINTER TOUR 26/27 La International Ballet Company, una prestigiosa companyia integrada per solistes d&#8217;Ucraïna, França, Moldàvia, Espanya, Itàlia i altres països, ens convida, dins la seva Gira d&#8217;Hivern 2026, a gaudir d&#8217;una de les obres més emblemàtiques del repertori clàssic del ballet: &#8220;El Trencanous&#8221;. EL TRENCANOUS És Nadal a ca na&hellip;&nbsp;<a href="https://auditoriumpalma.com/ca/espectacle/trencanous/" rel="bookmark">Read More &raquo;<span class="screen-reader-text">TRENCANOUS</span></a></p>
