{"id":20377,"date":"2026-09-02T16:19:12","date_gmt":"2026-09-02T14:19:12","guid":{"rendered":"https:\/\/auditoriumpalma.com\/espectaculo\/llac-dels-cignes\/"},"modified":"2026-09-02T16:30:47","modified_gmt":"2026-09-02T14:30:47","slug":"llac-dels-cignes","status":"publish","type":"show","link":"https:\/\/auditoriumpalma.com\/ca\/espectacle\/llac-dels-cignes\/","title":{"rendered":"LLAC DELS CIGNES"},"content":{"rendered":"\n<p class=\"wp-block-paragraph\"><strong>INTERNATIONAL BALLET COMPANY \u2013 WINTER TOUR 26\/27<\/strong><\/p>\n\n<p class=\"wp-block-paragraph\">La International Ballet Company, una de les millors companyies de ballet cl\u00e0ssic d&#8217;Europa, integrada per solistes i ballarins d&#8217;Anglaterra, Fran\u00e7a, Ucra\u00efna, Espanya, It\u00e0lia i altres pa\u00efsos, ens convida, dins la seva Gira d&#8217;Hivern 2026, a gaudir d&#8217;una de les obres m\u00e9s emblem\u00e0tiques del repertori cl\u00e0ssic del ballet: El llac dels cignes.<\/p>\n\n<p class=\"wp-block-paragraph\"><strong>LLAC DELS CIGNES<\/strong><\/p>\n\n<p class=\"wp-block-paragraph\">Obra magistral de Txaikovski i del ballet cl\u00e0ssic. Una llegenda eterna que narra la hist\u00f2ria del pr\u00edncep Sigfrid, enamorat de la bella princesa Odette, v\u00edctima d&#8217;un malvat bruixot que la converteix en una dona-cigne. La for\u00e7a de l&#8217;amor que senten els dos joves els alliberar\u00e0 de tot malefici.<\/p>\n\n<p class=\"wp-block-paragraph\">Solistes: ANDREEA MIHAILIUC \u2013 ALEXANDRU BALAN<\/p>\n\n<div class=\"wp-block-columns is-layout-flex wp-container-core-columns-is-layout-8f761849 wp-block-columns-is-layout-flex\">\n<div class=\"wp-block-column is-layout-flow wp-block-column-is-layout-flow\" style=\"flex-basis:25%\"><\/div>\n\n\n\n<div class=\"wp-block-column is-layout-flow wp-block-column-is-layout-flow\" style=\"flex-basis:50%\">\n<figure class=\"wp-block-embed is-type-video is-provider-youtube wp-block-embed-youtube wp-embed-aspect-16-9 wp-has-aspect-ratio\"><div class=\"wp-block-embed__wrapper\">\r\n<div class=\"nv-iframe-embed\"><iframe title=\"Swan Lake Promo - INTERNATIONAL BALLET COMPANY\" width=\"1200\" height=\"675\" src=\"https:\/\/www.youtube.com\/embed\/2i-mHp5eD8I?feature=oembed\" frameborder=\"0\" allow=\"accelerometer; autoplay; clipboard-write; encrypted-media; gyroscope; picture-in-picture; web-share\" referrerpolicy=\"strict-origin-when-cross-origin\" allowfullscreen><\/iframe><\/div>\r\n<\/div><\/figure><br>\n<\/div>\n\n\n\n<div class=\"wp-block-column is-layout-flow wp-block-column-is-layout-flow\" style=\"flex-basis:25%\"><\/div>\n<\/div>\n\n<p class=\"wp-block-paragraph\">Durada aproximada: 1a part 55\u2019 \u2013 Descans 20\u2019 \u2013 2a part 50\u2019<\/p>\n\n<figure class=\"wp-block-image size-large\"><img decoding=\"async\" src=\"https:\/\/auditoriumpalma.com\/img\/logosEspectaculo\/PMR_BM_BC_DG.png\" alt=\"\"\/><\/figure>\n","protected":false},"excerpt":{"rendered":"<p>INTERNATIONAL BALLET COMPANY \u2013 WINTER TOUR 26\/27 La International Ballet Company, una de les millors companyies de ballet cl\u00e0ssic d&#8217;Europa, integrada per solistes i ballarins d&#8217;Anglaterra, Fran\u00e7a, Ucra\u00efna, Espanya, It\u00e0lia i altres pa\u00efsos, ens convida, dins la seva Gira d&#8217;Hivern 2026, a gaudir d&#8217;una de les obres m\u00e9s emblem\u00e0tiques del repertori cl\u00e0ssic del ballet: El&hellip;&nbsp;<a href=\"https:\/\/auditoriumpalma.com\/ca\/espectacle\/llac-dels-cignes\/\" rel=\"bookmark\">Read More &raquo;<span class=\"screen-reader-text\">LLAC DELS CIGNES<\/span><\/a><\/p>\n","protected":false},"featured_media":20372,"template":"","meta":{"_acf_changed":false,"neve_meta_sidebar":"","neve_meta_container":"","neve_meta_enable_content_width":"","neve_meta_content_width":0,"neve_meta_title_alignment":"","neve_meta_author_avatar":"","neve_post_elements_order":"","neve_meta_disable_header":"","neve_meta_disable_footer":"","neve_meta_disable_title":"","footnotes":""},"genero":[97],"sala":[92],"company":[],"class_list":["post-20377","show","type-show","status-publish","has-post-thumbnail","hentry","genero-dansa","sala-magna-ca"],"acf":[],"_links":{"self":[{"href":"https:\/\/auditoriumpalma.com\/ca\/wp-json\/wp\/v2\/show\/20377","targetHints":{"allow":["GET"]}}],"collection":[{"href":"https:\/\/auditoriumpalma.com\/ca\/wp-json\/wp\/v2\/show"}],"about":[{"href":"https:\/\/auditoriumpalma.com\/ca\/wp-json\/wp\/v2\/types\/show"}],"version-history":[{"count":1,"href":"https:\/\/auditoriumpalma.com\/ca\/wp-json\/wp\/v2\/show\/20377\/revisions"}],"predecessor-version":[{"id":20378,"href":"https:\/\/auditoriumpalma.com\/ca\/wp-json\/wp\/v2\/show\/20377\/revisions\/20378"}],"wp:featuredmedia":[{"embeddable":true,"href":"https:\/\/auditoriumpalma.com\/ca\/wp-json\/wp\/v2\/media\/20372"}],"wp:attachment":[{"href":"https:\/\/auditoriumpalma.com\/ca\/wp-json\/wp\/v2\/media?parent=20377"}],"wp:term":[{"taxonomy":"genero","embeddable":true,"href":"https:\/\/auditoriumpalma.com\/ca\/wp-json\/wp\/v2\/genero?post=20377"},{"taxonomy":"sala","embeddable":true,"href":"https:\/\/auditoriumpalma.com\/ca\/wp-json\/wp\/v2\/sala?post=20377"},{"taxonomy":"company","embeddable":true,"href":"https:\/\/auditoriumpalma.com\/ca\/wp-json\/wp\/v2\/company?post=20377"}],"curies":[{"name":"wp","href":"https:\/\/api.w.org\/{rel}","templated":true}]}}

<p class="wp-block-paragraph"><strong>INTERNATIONAL BALLET COMPANY – WINTER TOUR 26/27</strong></p>

<p class="wp-block-paragraph">La International Ballet Company, una de les millors companyies de ballet clàssic d&#8217;Europa, integrada per solistes i ballarins d&#8217;Anglaterra, França, Ucraïna, Espanya, Itàlia i altres països, ens convida, dins la seva Gira d&#8217;Hivern 2026, a gaudir d&#8217;una de les obres més emblemàtiques del repertori clàssic del ballet: El llac dels cignes.</p>

<p class="wp-block-paragraph"><strong>LLAC DELS CIGNES</strong></p>

<p class="wp-block-paragraph">Obra magistral de Txaikovski i del ballet clàssic. Una llegenda eterna que narra la història del príncep Sigfrid, enamorat de la bella princesa Odette, víctima d&#8217;un malvat bruixot que la converteix en una dona-cigne. La força de l&#8217;amor que senten els dos joves els alliberarà de tot malefici.</p>

<p class="wp-block-paragraph">Solistes: ANDREEA MIHAILIUC – ALEXANDRU BALAN</p>

<div class="wp-block-columns is-layout-flex wp-container-core-columns-is-layout-8f761849 wp-block-columns-is-layout-flex">
<div class="wp-block-column is-layout-flow wp-block-column-is-layout-flow" style="flex-basis:25%"></div>



<div class="wp-block-column is-layout-flow wp-block-column-is-layout-flow" style="flex-basis:50%">
<figure class="wp-block-embed is-type-video is-provider-youtube wp-block-embed-youtube wp-embed-aspect-16-9 wp-has-aspect-ratio"><div class="wp-block-embed__wrapper">
<div class="nv-iframe-embed"><iframe title="Swan Lake Promo - INTERNATIONAL BALLET COMPANY" width="1200" height="675" src="https://www.youtube.com/embed/2i-mHp5eD8I?feature=oembed" frameborder="0" allow="accelerometer; autoplay; clipboard-write; encrypted-media; gyroscope; picture-in-picture; web-share" referrerpolicy="strict-origin-when-cross-origin" allowfullscreen></iframe></div>
</div></figure><br>
</div>



<div class="wp-block-column is-layout-flow wp-block-column-is-layout-flow" style="flex-basis:25%"></div>
</div>

<p class="wp-block-paragraph">Durada aproximada: 1a part 55’ – Descans 20’ – 2a part 50’</p>

<figure class="wp-block-image size-large"><img decoding="async" src="https://auditoriumpalma.com/img/logosEspectaculo/PMR_BM_BC_DG.png" alt=""/></figure>

<p>INTERNATIONAL BALLET COMPANY – WINTER TOUR 26/27 La International Ballet Company, una de les millors companyies de ballet clàssic d&#8217;Europa, integrada per solistes i ballarins d&#8217;Anglaterra, França, Ucraïna, Espanya, Itàlia i altres països, ens convida, dins la seva Gira d&#8217;Hivern 2026, a gaudir d&#8217;una de les obres més emblemàtiques del repertori clàssic del ballet: El&hellip;&nbsp;<a href="https://auditoriumpalma.com/ca/espectacle/llac-dels-cignes/" rel="bookmark">Read More &raquo;<span class="screen-reader-text">LLAC DELS CIGNES</span></a></p>
