{"id":20333,"date":"2026-09-01T16:11:17","date_gmt":"2026-09-01T14:11:17","guid":{"rendered":"https:\/\/auditoriumpalma.com\/?post_type=show&#038;p=20333"},"modified":"2026-09-01T16:22:31","modified_gmt":"2026-09-01T14:22:31","slug":"cascanueces-international-ballet-company-2027-01-03","status":"publish","type":"show","link":"https:\/\/auditoriumpalma.com\/es\/espectaculo\/cascanueces-international-ballet-company-2027-01-03\/","title":{"rendered":"CASCANUECES"},"content":{"rendered":"\n<p class=\"wp-block-paragraph\"><strong>INTERNATIONAL BALLET COMPANY \u2013 WINTER TOUR 26\/27<\/strong><\/p>\n\n\n\n<p class=\"wp-block-paragraph\">La International Ballet Company, aclamada compa\u00f1\u00eda integrada por solistas de Ucrania, Francia, Moldavia, Espa\u00f1a e Italia entre otros pa\u00edses, nos invita, dentro de su Gira de Invierno 2026, a disfrutar de una de las obras m\u00e1s emblem\u00e1ticas del repertorio cl\u00e1sico de ballet, el \u201cCascanueces\u201d.<\/p>\n\n\n\n<p class=\"wp-block-paragraph\"><strong>EL CASCANUECES<\/strong><\/p>\n\n\n\n<p class=\"wp-block-paragraph\">La Navidad es una gran fiesta en casa de Clara, y todos los ni\u00f1os reciben un regalo. A Clara, su querido padrino, le regala un precioso mu\u00f1eco Cascanueces.<\/p>\n\n\n\n<p class=\"wp-block-paragraph\">Cuando toda la familia duerme, Clara y su Pr\u00edncipe Cascanueces, tras vencer al ej\u00e9rcito del Rey de los Ratones, viajar\u00e1n por lejanas tierras, se divertir\u00e1n con m\u00e1gicos copos de nieve y con dulces de diferentes pa\u00edses que bailar\u00e1n para ellos. Una noche inolvidable, repleta de aventuras y lind\u00edsimos personajes. Tal vez, \u00bfser\u00e1 un sue\u00f1o?<\/p>\n\n\n\n<p class=\"wp-block-paragraph\">Ballet cl\u00e1sico para ni\u00f1os y adultos, una obra que te atrapar\u00e1 por su bella historia y hermosa t\u00e9cnica.<\/p>\n\n\n\n<p class=\"wp-block-paragraph\">Solistas: ANDREEA MIHAILIUC y ALEXANDRU BALAN<\/p>\n\n\n\n<div class=\"wp-block-columns is-layout-flex wp-container-core-columns-is-layout-8f761849 wp-block-columns-is-layout-flex\">\n<div class=\"wp-block-column is-layout-flow wp-block-column-is-layout-flow\" style=\"flex-basis:25%\"><\/div>\n\n\n\n<div class=\"wp-block-column is-layout-flow wp-block-column-is-layout-flow\" style=\"flex-basis:50%\">\n<figure class=\"wp-block-embed is-type-video is-provider-youtube wp-block-embed-youtube wp-embed-aspect-16-9 wp-has-aspect-ratio\"><div class=\"wp-block-embed__wrapper\">\n<div class=\"nv-iframe-embed\"><iframe title=\"NUTCRACKER PROMO - International Ballet Company\" width=\"1200\" height=\"675\" src=\"https:\/\/www.youtube.com\/embed\/LTStvoNmVWY?feature=oembed\" frameborder=\"0\" allow=\"accelerometer; autoplay; clipboard-write; encrypted-media; gyroscope; picture-in-picture; web-share\" referrerpolicy=\"strict-origin-when-cross-origin\" allowfullscreen><\/iframe><\/div>\n<\/div><\/figure>\n<\/div>\n\n\n\n<div class=\"wp-block-column is-layout-flow wp-block-column-is-layout-flow\" style=\"flex-basis:25%\"><\/div>\n<\/div>\n\n\n\n<p class=\"wp-block-paragraph\">Duraci\u00f3n aproximada: 1\u00aa Parte 50\u2019 \u2013 Descanso 20\u2019 \u2013 2\u00aa Parte 50\u2019<\/p>\n\n\n\n<figure class=\"wp-block-image size-large\"><img decoding=\"async\" src=\"https:\/\/auditoriumpalma.com\/img\/logosEspectaculo\/PMR_BM_BC_DG.png\" alt=\"\"\/><\/figure>\n","protected":false},"excerpt":{"rendered":"<p>INTERNATIONAL BALLET COMPANY \u2013 WINTER TOUR 26\/27 La International Ballet Company, aclamada compa\u00f1\u00eda integrada por solistas de Ucrania, Francia, Moldavia, Espa\u00f1a e Italia entre otros pa\u00edses, nos invita, dentro de su Gira de Invierno 2026, a disfrutar de una de las obras m\u00e1s emblem\u00e1ticas del repertorio cl\u00e1sico de ballet, el \u201cCascanueces\u201d. EL CASCANUECES La Navidad&hellip;&nbsp;<a href=\"https:\/\/auditoriumpalma.com\/es\/espectaculo\/cascanueces-international-ballet-company-2027-01-03\/\" rel=\"bookmark\">Leer m\u00e1s &raquo;<span class=\"screen-reader-text\">CASCANUECES<\/span><\/a><\/p>\n","protected":false},"featured_media":20337,"template":"","meta":{"_acf_changed":false,"neve_meta_sidebar":"","neve_meta_container":"","neve_meta_enable_content_width":"","neve_meta_content_width":0,"neve_meta_title_alignment":"","neve_meta_author_avatar":"","neve_post_elements_order":"","neve_meta_disable_header":"","neve_meta_disable_footer":"","neve_meta_disable_title":"","footnotes":""},"genero":[36],"sala":[32],"company":[],"class_list":["post-20333","show","type-show","status-publish","has-post-thumbnail","hentry","genero-danza","sala-magna"],"acf":[],"_links":{"self":[{"href":"https:\/\/auditoriumpalma.com\/es\/wp-json\/wp\/v2\/show\/20333","targetHints":{"allow":["GET"]}}],"collection":[{"href":"https:\/\/auditoriumpalma.com\/es\/wp-json\/wp\/v2\/show"}],"about":[{"href":"https:\/\/auditoriumpalma.com\/es\/wp-json\/wp\/v2\/types\/show"}],"version-history":[{"count":1,"href":"https:\/\/auditoriumpalma.com\/es\/wp-json\/wp\/v2\/show\/20333\/revisions"}],"predecessor-version":[{"id":20341,"href":"https:\/\/auditoriumpalma.com\/es\/wp-json\/wp\/v2\/show\/20333\/revisions\/20341"}],"wp:featuredmedia":[{"embeddable":true,"href":"https:\/\/auditoriumpalma.com\/es\/wp-json\/wp\/v2\/media\/20337"}],"wp:attachment":[{"href":"https:\/\/auditoriumpalma.com\/es\/wp-json\/wp\/v2\/media?parent=20333"}],"wp:term":[{"taxonomy":"genero","embeddable":true,"href":"https:\/\/auditoriumpalma.com\/es\/wp-json\/wp\/v2\/genero?post=20333"},{"taxonomy":"sala","embeddable":true,"href":"https:\/\/auditoriumpalma.com\/es\/wp-json\/wp\/v2\/sala?post=20333"},{"taxonomy":"company","embeddable":true,"href":"https:\/\/auditoriumpalma.com\/es\/wp-json\/wp\/v2\/company?post=20333"}],"curies":[{"name":"wp","href":"https:\/\/api.w.org\/{rel}","templated":true}]}}

<p class="wp-block-paragraph"><strong>INTERNATIONAL BALLET COMPANY – WINTER TOUR 26/27</strong></p>



<p class="wp-block-paragraph">La International Ballet Company, aclamada compañía integrada por solistas de Ucrania, Francia, Moldavia, España e Italia entre otros países, nos invita, dentro de su Gira de Invierno 2026, a disfrutar de una de las obras más emblemáticas del repertorio clásico de ballet, el “Cascanueces”.</p>



<p class="wp-block-paragraph"><strong>EL CASCANUECES</strong></p>



<p class="wp-block-paragraph">La Navidad es una gran fiesta en casa de Clara, y todos los niños reciben un regalo. A Clara, su querido padrino, le regala un precioso muñeco Cascanueces.</p>



<p class="wp-block-paragraph">Cuando toda la familia duerme, Clara y su Príncipe Cascanueces, tras vencer al ejército del Rey de los Ratones, viajarán por lejanas tierras, se divertirán con mágicos copos de nieve y con dulces de diferentes países que bailarán para ellos. Una noche inolvidable, repleta de aventuras y lindísimos personajes. Tal vez, ¿será un sueño?</p>



<p class="wp-block-paragraph">Ballet clásico para niños y adultos, una obra que te atrapará por su bella historia y hermosa técnica.</p>



<p class="wp-block-paragraph">Solistas: ANDREEA MIHAILIUC y ALEXANDRU BALAN</p>



<div class="wp-block-columns is-layout-flex wp-container-core-columns-is-layout-8f761849 wp-block-columns-is-layout-flex">
<div class="wp-block-column is-layout-flow wp-block-column-is-layout-flow" style="flex-basis:25%"></div>



<div class="wp-block-column is-layout-flow wp-block-column-is-layout-flow" style="flex-basis:50%">
<figure class="wp-block-embed is-type-video is-provider-youtube wp-block-embed-youtube wp-embed-aspect-16-9 wp-has-aspect-ratio"><div class="wp-block-embed__wrapper">
<div class="nv-iframe-embed"><iframe title="NUTCRACKER PROMO - International Ballet Company" width="1200" height="675" src="https://www.youtube.com/embed/LTStvoNmVWY?feature=oembed" frameborder="0" allow="accelerometer; autoplay; clipboard-write; encrypted-media; gyroscope; picture-in-picture; web-share" referrerpolicy="strict-origin-when-cross-origin" allowfullscreen></iframe></div>
</div></figure>
</div>



<div class="wp-block-column is-layout-flow wp-block-column-is-layout-flow" style="flex-basis:25%"></div>
</div>



<p class="wp-block-paragraph">Duración aproximada: 1ª Parte 50’ – Descanso 20’ – 2ª Parte 50’</p>



<figure class="wp-block-image size-large"><img decoding="async" src="https://auditoriumpalma.com/img/logosEspectaculo/PMR_BM_BC_DG.png" alt=""/></figure>

<p>INTERNATIONAL BALLET COMPANY – WINTER TOUR 26/27 La International Ballet Company, aclamada compañía integrada por solistas de Ucrania, Francia, Moldavia, España e Italia entre otros países, nos invita, dentro de su Gira de Invierno 2026, a disfrutar de una de las obras más emblemáticas del repertorio clásico de ballet, el “Cascanueces”. EL CASCANUECES La Navidad&hellip;&nbsp;<a href="https://auditoriumpalma.com/es/espectaculo/cascanueces-international-ballet-company-2027-01-03/" rel="bookmark">Leer más &raquo;<span class="screen-reader-text">CASCANUECES</span></a></p>
