{"id":20358,"date":"2026-09-02T16:12:44","date_gmt":"2026-09-02T14:12:44","guid":{"rendered":"https:\/\/auditoriumpalma.com\/?post_type=show&#038;p=20358"},"modified":"2026-09-02T16:30:37","modified_gmt":"2026-09-02T14:30:37","slug":"lago-de-los-cisnes-international-ballet-company-2027-01-04","status":"publish","type":"show","link":"https:\/\/auditoriumpalma.com\/es\/espectaculo\/lago-de-los-cisnes-international-ballet-company-2027-01-04\/","title":{"rendered":"LAGO DE LOS CISNES"},"content":{"rendered":"\n<p class=\"wp-block-paragraph\"><strong>INTERNATIONAL BALLET COMPANY \u2013 WINTER TOUR 26\/27<\/strong><\/p>\n\n\n\n<p class=\"wp-block-paragraph\">La International Ballet Company, una de las mejores compa\u00f1\u00edas de ballet cl\u00e1sico de Europa integrada por solistas y bailarines de Inglaterra, Francia, Ucrania, Espa\u00f1a e Italia entre otros pa\u00edses, nos invita, dentro de su Gira de Invierno 2026, a disfrutar de una de las obras m\u00e1s emblem\u00e1ticas del repertorio cl\u00e1sico de ballet, el \u201cLago de los Cisnes\u201d.<\/p>\n\n\n\n<p class=\"wp-block-paragraph\"><strong>LAGO DE LOS CISNES<\/strong><\/p>\n\n\n\n<p class=\"wp-block-paragraph\">Obra magistral de Tchaikovsky y del ballet cl\u00e1sico. Una leyenda eterna que narra la historia del Pr\u00edncipe Sigfrido enamorado de la bella princesa Odette, hechizada esta por un malvado brujo que la convierte en cisne-mujer. La fuerza del amor que sienten los j\u00f3venes les liberar\u00e1 de todo maleficio.<\/p>\n\n\n\n<p class=\"wp-block-paragraph\">Solistas: ANDREEA MIHAILIUC \u2013 ALEXANDRU BALAN<\/p>\n\n\n\n<div class=\"wp-block-columns is-layout-flex wp-container-core-columns-is-layout-8f761849 wp-block-columns-is-layout-flex\">\n<div class=\"wp-block-column is-layout-flow wp-block-column-is-layout-flow\" style=\"flex-basis:25%\"><\/div>\n\n\n\n<div class=\"wp-block-column is-layout-flow wp-block-column-is-layout-flow\" style=\"flex-basis:50%\">\n<figure class=\"wp-block-embed is-type-video is-provider-youtube wp-block-embed-youtube wp-embed-aspect-16-9 wp-has-aspect-ratio\"><div class=\"wp-block-embed__wrapper\">\n<div class=\"nv-iframe-embed\"><iframe title=\"Swan Lake Promo - INTERNATIONAL BALLET COMPANY\" width=\"1200\" height=\"675\" src=\"https:\/\/www.youtube.com\/embed\/2i-mHp5eD8I?feature=oembed&#038;enablejsapi=1&#038;origin=https:\/\/auditoriumpalma.com\" frameborder=\"0\" allow=\"accelerometer; autoplay; clipboard-write; encrypted-media; gyroscope; picture-in-picture; web-share\" referrerpolicy=\"strict-origin-when-cross-origin\" allowfullscreen><\/iframe><\/div>\n<\/div><\/figure>\n<\/div>\n\n\n\n<div class=\"wp-block-column is-layout-flow wp-block-column-is-layout-flow\" style=\"flex-basis:25%\"><\/div>\n<\/div>\n\n\n\n<p class=\"wp-block-paragraph\">Duraci\u00f3n aproximada: 1\u00aa Parte 55\u2019 \u2013 Descanso 20\u2019 \u2013 2\u00aa Parte 50\u2019<\/p>\n\n\n\n<figure class=\"wp-block-image size-large\"><img decoding=\"async\" src=\"https:\/\/auditoriumpalma.com\/img\/logosEspectaculo\/PMR_BM_BC_DG.png\" alt=\"\"\/><\/figure>\n","protected":false},"excerpt":{"rendered":"<p>INTERNATIONAL BALLET COMPANY \u2013 WINTER TOUR 26\/27 La International Ballet Company, una de las mejores compa\u00f1\u00edas de ballet cl\u00e1sico de Europa integrada por solistas y bailarines de Inglaterra, Francia, Ucrania, Espa\u00f1a e Italia entre otros pa\u00edses, nos invita, dentro de su Gira de Invierno 2026, a disfrutar de una de las obras m\u00e1s emblem\u00e1ticas del&hellip;&nbsp;<a href=\"https:\/\/auditoriumpalma.com\/es\/espectaculo\/lago-de-los-cisnes-international-ballet-company-2027-01-04\/\" rel=\"bookmark\">Leer m\u00e1s &raquo;<span class=\"screen-reader-text\">LAGO DE LOS CISNES<\/span><\/a><\/p>\n","protected":false},"featured_media":20371,"template":"","meta":{"_acf_changed":false,"neve_meta_sidebar":"","neve_meta_container":"","neve_meta_enable_content_width":"","neve_meta_content_width":0,"neve_meta_title_alignment":"","neve_meta_author_avatar":"","neve_post_elements_order":"","neve_meta_disable_header":"","neve_meta_disable_footer":"","neve_meta_disable_title":"","footnotes":""},"genero":[36],"sala":[32],"company":[],"class_list":["post-20358","show","type-show","status-publish","has-post-thumbnail","hentry","genero-danza","sala-magna"],"acf":[],"_links":{"self":[{"href":"https:\/\/auditoriumpalma.com\/es\/wp-json\/wp\/v2\/show\/20358","targetHints":{"allow":["GET"]}}],"collection":[{"href":"https:\/\/auditoriumpalma.com\/es\/wp-json\/wp\/v2\/show"}],"about":[{"href":"https:\/\/auditoriumpalma.com\/es\/wp-json\/wp\/v2\/types\/show"}],"version-history":[{"count":2,"href":"https:\/\/auditoriumpalma.com\/es\/wp-json\/wp\/v2\/show\/20358\/revisions"}],"predecessor-version":[{"id":20381,"href":"https:\/\/auditoriumpalma.com\/es\/wp-json\/wp\/v2\/show\/20358\/revisions\/20381"}],"wp:featuredmedia":[{"embeddable":true,"href":"https:\/\/auditoriumpalma.com\/es\/wp-json\/wp\/v2\/media\/20371"}],"wp:attachment":[{"href":"https:\/\/auditoriumpalma.com\/es\/wp-json\/wp\/v2\/media?parent=20358"}],"wp:term":[{"taxonomy":"genero","embeddable":true,"href":"https:\/\/auditoriumpalma.com\/es\/wp-json\/wp\/v2\/genero?post=20358"},{"taxonomy":"sala","embeddable":true,"href":"https:\/\/auditoriumpalma.com\/es\/wp-json\/wp\/v2\/sala?post=20358"},{"taxonomy":"company","embeddable":true,"href":"https:\/\/auditoriumpalma.com\/es\/wp-json\/wp\/v2\/company?post=20358"}],"curies":[{"name":"wp","href":"https:\/\/api.w.org\/{rel}","templated":true}]}}

<p class="wp-block-paragraph"><strong>INTERNATIONAL BALLET COMPANY – WINTER TOUR 26/27</strong></p>



<p class="wp-block-paragraph">La International Ballet Company, una de las mejores compañías de ballet clásico de Europa integrada por solistas y bailarines de Inglaterra, Francia, Ucrania, España e Italia entre otros países, nos invita, dentro de su Gira de Invierno 2026, a disfrutar de una de las obras más emblemáticas del repertorio clásico de ballet, el “Lago de los Cisnes”.</p>



<p class="wp-block-paragraph"><strong>LAGO DE LOS CISNES</strong></p>



<p class="wp-block-paragraph">Obra magistral de Tchaikovsky y del ballet clásico. Una leyenda eterna que narra la historia del Príncipe Sigfrido enamorado de la bella princesa Odette, hechizada esta por un malvado brujo que la convierte en cisne-mujer. La fuerza del amor que sienten los jóvenes les liberará de todo maleficio.</p>



<p class="wp-block-paragraph">Solistas: ANDREEA MIHAILIUC – ALEXANDRU BALAN</p>



<div class="wp-block-columns is-layout-flex wp-container-core-columns-is-layout-8f761849 wp-block-columns-is-layout-flex">
<div class="wp-block-column is-layout-flow wp-block-column-is-layout-flow" style="flex-basis:25%"></div>



<div class="wp-block-column is-layout-flow wp-block-column-is-layout-flow" style="flex-basis:50%">
<figure class="wp-block-embed is-type-video is-provider-youtube wp-block-embed-youtube wp-embed-aspect-16-9 wp-has-aspect-ratio"><div class="wp-block-embed__wrapper">
<div class="nv-iframe-embed"><iframe title="Swan Lake Promo - INTERNATIONAL BALLET COMPANY" width="1200" height="675" src="https://www.youtube.com/embed/2i-mHp5eD8I?feature=oembed&#038;enablejsapi=1&#038;origin=https://auditoriumpalma.com" frameborder="0" allow="accelerometer; autoplay; clipboard-write; encrypted-media; gyroscope; picture-in-picture; web-share" referrerpolicy="strict-origin-when-cross-origin" allowfullscreen></iframe></div>
</div></figure>
</div>



<div class="wp-block-column is-layout-flow wp-block-column-is-layout-flow" style="flex-basis:25%"></div>
</div>



<p class="wp-block-paragraph">Duración aproximada: 1ª Parte 55’ – Descanso 20’ – 2ª Parte 50’</p>



<figure class="wp-block-image size-large"><img decoding="async" src="https://auditoriumpalma.com/img/logosEspectaculo/PMR_BM_BC_DG.png" alt=""/></figure>

<p>INTERNATIONAL BALLET COMPANY – WINTER TOUR 26/27 La International Ballet Company, una de las mejores compañías de ballet clásico de Europa integrada por solistas y bailarines de Inglaterra, Francia, Ucrania, España e Italia entre otros países, nos invita, dentro de su Gira de Invierno 2026, a disfrutar de una de las obras más emblemáticas del&hellip;&nbsp;<a href="https://auditoriumpalma.com/es/espectaculo/lago-de-los-cisnes-international-ballet-company-2027-01-04/" rel="bookmark">Leer más &raquo;<span class="screen-reader-text">LAGO DE LOS CISNES</span></a></p>
